 number?
False
Is 6191443511 prime?
False
Is 374017899 prime?
False
Is 73064643781 a prime number?
False
Is 3466318153 a composite number?
True
Is 1877812831 composite?
True
Is 87301237501 a composite number?
True
Is 29621711509 composite?
True
Is 6512753111 prime?
True
Is 94757587657 a prime number?
True
Is 23619631 composite?
True
Is 118486479883 a prime number?
True
Is 58716179429 a composite number?
True
Is 42959618341 composite?
True
Is 5604594077 a composite number?
True
Is 444758927 prime?
True
Is 282367511 a prime number?
False
Is 34477943719 a prime number?
False
Is 73601809 prime?
True
Is 536014891 a prime number?
False
Is 3291419113 a prime number?
False
Is 36862602299 a composite number?
False
Is 28751016821 a composite number?
False
Is 1244444287 a composite number?
True
Is 1205499133 composite?
True
Is 3849982891 composite?
True
Is 291668141 a composite number?
False
Is 236355982817 a composite number?
True
Is 4719104333 prime?
True
Is 31438268863 prime?
False
Is 297502235 a prime number?
False
Is 2297296147 prime?
False
Is 16178184733 composite?
True
Is 3578901257 prime?
False
Is 3936506771 a composite number?
False
Is 13513513669 composite?
False
Is 7706704177 prime?
True
Is 46893222239 prime?
False
Is 177307801 a prime number?
False
Is 789528791 composite?
True
Is 32431542659 a prime number?
True
Is 6615133949 a composite number?
False
Is 2265819469 prime?
True
Is 18745747 prime?
False
Is 175041817 a composite number?
False
Is 16767127747 prime?
True
Is 2045738339 a prime number?
False
Is 325966309 prime?
False
Is 7665350383 prime?
False
Is 535548833 a composite number?
True
Is 1672937311 composite?
False
Is 270661367 a composite number?
False
Is 60380813 a composite number?
True
Is 1584817717 composite?
True
Is 18255749189 a prime number?
False
Is 140113022411 a composite number?
False
Is 983335571 a prime number?
True
Is 267062329 a composite number?
False
Is 1406250473 a composite number?
False
Is 460624931 prime?
False
Is 1593236389 composite?
False
Is 6120141 a prime number?
False
Is 40209245143 composite?
True
Is 2760247163 composite?
False
Is 777436733 prime?
False
Is 936559451 a composite number?
True
Is 113892633703 a composite number?
False
Is 124915927 a composite number?
True
Is 16666941922 composite?
True
Is 616972063 a composite number?
True
Is 1016973569 prime?
False
Is 10511292571 a composite number?
True
Is 51063209 prime?
False
Is 5243847913 composite?
False
Is 68611951399 composite?
False
Is 78174044219 a composite number?
False
Is 1797951439 a prime number?
True
Is 18723033907 composite?
False
Is 41053293163 composite?
False
Is 192013470841 a composite number?
True
Is 55169266481 a prime number?
False
Is 4661372117 prime?
False
Is 3967019413 a composite number?
True
Is 10997776787 composite?
False
Is 643684537 composite?
True
Is 41632021 composite?
True
Is 10929534047 composite?
False
Is 4610388689 prime?
False
Is 1498304243 prime?
False
Is 1999678069 a prime number?
False
Is 45786050839 composite?
False
Is 4968002653 a composite number?
True
Is 4087192159 prime?
False
Is 37830001271 composite?
False
Is 13304099 a prime number?
True
Is 5036000477 composite?
True
Is 89243673 composite?
True
Is 2990257903 a prime number?
True
Is 8650123739 composite?
False
Is 4055853299 prime?
True
Is 1209730682 a composite number?
True
Is 16184990513 a composite number?
True
Is 12020447137 a composite number?
True
Is 22751510255 prime?
False
Is 9641067011 a composite number?
False
Is 4151217829 prime?
False
Is 25559853019 a composite number?
False
Is 8280383539 a prime number?
False
Is 1224098273 composite?
False
Is 274588673 a prime number?
False
Is 559100173 composite?
False
Is 18732400079 prime?
False
Is 13240026979 composite?
True
Is 151944888551 composite?
False
Is 20740900799 prime?
True
Is 345128648513 a composite number?
True
Is 2197901599 a prime number?
False
Is 90171582341 prime?
False
Is 4746603397 a prime number?
True
Is 74689279261 a prime number?
True
Is 228005342 composite?
True
Is 131615359 composite?
False
Is 10356082467 a prime number?
False
Is 6403297123 a composite number?
False
Is 839548849 a composite number?
False
Is 9371396561 prime?
True
Is 847028813 a composite number?
False
Is 3074713957 a prime number?
False
Is 3510588283 prime?
True
Is 73689601 a composite number?
False
Is 8877498517 a prime number?
True
Is 5868982591 composite?
False
Is 659291935 prime?
False
Is 57423566891 a composite number?
True
Is 4105487251 prime?
True
Is 11796614359 prime?
True
Is 4760858953 a composite number?
False
Is 128633338594 a prime number?
False
Is 4303077937 a composite number?
False
Is 12023886305 a composite number?
True
Is 640034743 a composite number?
False
Is 226969579 a composite number?
False
Is 131919975241 a prime number?
True
Is 9323168665 a prime number?
False
Is 2721313963 a composite number?
True
Is 233154191 a composite number?
True
Is 271906577 a prime number?
True
Is 56533867501 prime?
False
Is 16621402703 a prime number?
True
Is 9692727377 a composite number?
True
Is 89800847 prime?
False
Is 2375037967 a prime number?
True
Is 168284371 a composite number?
True
Is 4263242239 a composite number?
False
Is 38575401239 a prime number?
False
Is 263659993 prime?
True
Is 43315557963 a composite number?
True
Is 505780697 a prime number?
True
Is 1119317711 prime?
True
Is 703031911 prime?
True
Is 39803999615 a composite number?
True
Is 36266354381 composite?
True
Is 332884813 a composite number?
False
Is 154793676733 a prime number?
True
Is 2933959681 a composite number?
True
Is 4183100699 a composite number?
True
Is 503826811 composite?
False
Is 787787141 composite?
False
Is 13810864987 a composite number?
False
Is 20463138013 composite?
False
Is 127493239163 a prime number?
True
Is 4311981703 prime?
False
Is 8175672881 prime?
False
Is 701500817 a composite number?
True
Is 6327100739 composite?
False
Is 23114975957 composite?
False
Is 35223048823 prime?
True
Is 86543956841 a composite number?
True
Is 479962891 composite?
True
Is 27075914473 prime?
False
Is 8614273529 composite?
False
Is 15772805681 a prime number?
True
Is 204751381 a prime number?
False
Is 7057069 a prime number?
True
Is 7780852577 prime?
True
Is 2680685803 composite?
True
Is 7896711671 prime?
False
Is 343012321 a prime number?
False
Is 20824893497 composite?
True
Is 994795541 a prime number?
False
Is 4432852181 prime?
True
Is 2982048259 a composite number?
True
Is 485763227 prime?
False
Is 234940529 a prime number?
False
Is 456956737 a prime number?
True
Is 1374980579 a prime number?
False
Is 7670997911 a composite number?
False
Is 5547993661 a composite number?
True
Is 9835873 a composite number?
True
Is 19597571267 a prime number?
True
Is 777246697 prime?
True
Is 30524884619 composite?
False
Is 1716876267 a composite number?
True
Is 6226742077 a composite number?
True
Is 3225931283 a composite number?
True
Is 1496863363 composite?
False
Is 3599278703 prime?
False
Is 13791830947 a prime number?
True
Is 3963549349 a composite number?
False
Is 2570871769 a composite number?
True
Is 15242552917 composite?
True
Is 15942429355 composite?
True
Is 813363797 composite?
False
Is 256817251 composite?
True
Is 221515993 composite?
False
Is 19247968679 composite?
True
Is 100611752063 prime?
False
Is 12051249739 a composite number?
False
Is 8999008663 a composite number?
False
Is 18738030713 prime?
True
Is 465262753 a prime number?
False
Is 46151347763 composite?
True
Is 399132599 a composite number?
True
Is 11558206547 composite?
False
Is 472590203 composite?
True
Is 113245897 composite?
False
Is 8757820805 a prime number?
False
Is 7605918029 a composite number?
False
Is 11597144989 composite?
True
Is 2066987021 a composite number?
True
Is 22894788589 prime?
False
Is 147028750987 composite?
False
Is 16096930953 a prime number?
False
Is 11344641379 prime?
True
Is 26271364883 a composite number?
True
Is 1259213083 composite?
False
Is 4331445121 prime?
True
Is 8269295071 a prime number?
True
Is 345264383 composite?
True
Is 10159269101 a composite number?
True
Is 1163864123 a prime number?
False
Is 7161771703 a prime number?
False
Is 95979348753 prime?
False
Is 68645897951 a composite number?
False
Is 3662175263 a composite number?
False
Is 1207981